{"id":6240,"date":"2026-03-02T12:44:59","date_gmt":"2026-03-02T11:44:59","guid":{"rendered":"https:\/\/www.essentiel-cosmetique.fr\/?post_type=product&#038;p=6240"},"modified":"2026-03-05T11:00:23","modified_gmt":"2026-03-05T10:00:23","slug":"mousse-regenerante","status":"publish","type":"product","link":"https:\/\/www.essentiel-cosmetique.fr\/index.php\/produit\/mousse-regenerante\/","title":{"rendered":"Mousse R\u00e9g\u00e9n\u00e9rante"},"content":{"rendered":"<p><strong>INGREDIENTS INCI (CFTA) :<\/strong> Butane, Aqua (Water), Alcohol Denat, Propane, Cycoheasiloxane, Steareth-21, Menthol, Camphor, Glycerin, PPG-15 Stearyl Ether, Hydroxyethykellu-lose, Imidazolidiny! Urea, Propylene Glycol, Lecithin, Salicylic Acid, Rosmarinus Officinalis (Rosemary) Leaf Oil Calendula Officinalis Flower Extract, Zingiber Officianale (Ginger) Root Oil, Humulus Lupulus (Hops) Extract, Ruscus Aculeatus Root Extract, Pinus Pumilio Leaf Extract, Nelumbium Speciosum Flower Extract<\/p>\n<p><strong>AVERTISSEMENT : <\/strong>H222 A\u00e9rosol extr\u00eamement inflammable. H229 R\u00e9cipient sous pression : peut \u00e9clater sous l&rsquo;effet de la chaleur. P210 Tenir \u00e0 l&rsquo;\u00e9cart de la chaleur, des \u00e9tincelles, des flammes nues, des surfaces chaudes. Ne pas fumer. P251 R\u00e9cipient sous pression: ne pas perforer, ni br\u00fbler, m\u00eame apr\u00e8s usage. P410+P412 Prot\u00e9ger du rayonnement solaire. Ne pas exposer \u00e0 une temp\u00e9rature sup\u00e9rieur \u00e0 50\u00b0C\/122\u00b0F. P102 Tenir hors de port\u00e9e des enfants. P211 Ne pas vaporiser sur une flamme nue ou sur toute autre source d&rsquo; ignition.<\/p>\n<div class=\"messagesWrapper__36d07 group-spacing-16\">\n<div class=\"scroller__36d07 customTheme_d125d2 auto_d125d2 scrollerBase_d125d2 disableScrollAnchor_d125d2 managedReactiveScroller_d125d2\" dir=\"ltr\" tabindex=\"-1\" role=\"group\" data-jump-section=\"global\">\n<div class=\"scrollerContent__36d07 content_d125d2\">\n<div class=\"message__5126c cozyMessage__5126c wrapper_c19a55 cozy_c19a55 zalgo_c19a55\" tabindex=\"-1\" role=\"article\" data-list-item-id=\"chat-messages___chat-messages-1324676950480125952-1477990747067256896\" aria-setsize=\"-1\" aria-roledescription=\"Message\" aria-labelledby=\"message-username-1477990597171220500 uid_1 message-content-1477990747067256896 uid_2 message-timestamp-1477990747067256896\">\n<div class=\"buttonContainer_c19a55\">\n<div class=\"buttons__5126c container__040f0\" role=\"group\" aria-label=\"Actions des messages\"><\/div>\n<\/div>\n<\/div>\n<\/div>\n<\/div>\n<\/div>\n<form class=\"form_f75fb0 formWithLoadedChatInput_f75fb0\">\n<div>\n<div class=\"channelBottomBarArea_f75fb0\">\n<div class=\"channelTextArea_f75fb0 channelTextArea__74017\">\n<div class=\"scrollableContainer__74017 themedBackground__74017\">\n<div class=\"inner__74017 sansAttachButton__74017\">\n<div class=\"textArea__74017 textAreaSlate__74017 slateContainer_ec4baf\">\n<div>\n<div class=\"markup__75297 editor__1b31f slateTextArea_ec4baf\" role=\"textbox\" contenteditable=\"true\" spellcheck=\"true\" aria-multiline=\"true\" aria-haspopup=\"listbox\" aria-invalid=\"false\" aria-autocomplete=\"list\" data-can-focus=\"true\" aria-label=\"Envoyer un message dans #taff\" data-slate-editor=\"true\" data-slate-node=\"value\"><\/div>\n<\/div>\n<\/div>\n<\/div>\n<\/div>\n<\/div>\n<\/div>\n<\/div>\n<\/form>\n<p>&nbsp;<\/p>\n","protected":false},"excerpt":{"rendered":"<p><strong>MOUSSE R\u00c9G\u00c9NERANTE<\/strong><\/p>\n<p>Combat l&rsquo;exc\u00e8s de s\u00e9bum en r\u00e9gularisant le fonctionnement des glandes s\u00e9bac\u00e9es. Apporte es substances nutritives indispensables \u00e0 une bonne croissance des cheveux. Pr\u00e9vient la chute et favorise le cycle de croissance.<\/p>\n<p><strong>MODE D&rsquo;EMPLOI :<\/strong> Agiter bien avant utilisation. Appliquer sur les cheveux (secs ou humides) la quantit\u00e9 n\u00e9cessaire de produit avec un l\u00e9ger massage. Ne pas rincer.<\/p>\n<p>&nbsp;<\/p>\n<p>Extraits de <strong>8 Plantes<\/strong> :<\/p>\n<ul>\n<li>Extrait de fleurs de <strong>Calendula<\/strong><\/li>\n<li>Extrait de feuilles d&rsquo;<strong>Ortie<\/strong><\/li>\n<li>Huile essentielle de <strong>Pin des montagnes <\/strong><\/li>\n<li>Extrait de fleur de <strong>Lotus <\/strong><\/li>\n<li>Huile essentielle de <strong>Romarin <\/strong><\/li>\n<li>Extrait de <strong>Gingembre <\/strong><\/li>\n<li>Extrait de feuilles de <strong>Houblon <\/strong><\/li>\n<li>Racine de <strong>Fragon \u00e9pineux<\/strong><\/li>\n<\/ul>\n","protected":false},"featured_media":6251,"template":"","meta":[],"product_brand":[],"product_cat":[93,18,92],"product_tag":[],"class_list":{"0":"post-6240","1":"product","2":"type-product","3":"status-publish","4":"has-post-thumbnail","6":"product_cat-cheveux-frises","7":"product_cat-gamme_capillaire","8":"product_cat-indispensables","10":"first","11":"instock","12":"shipping-taxable","13":"purchasable","14":"product-type-simple"},"yoast_head":"<!-- This site is optimized with the Yoast SEO plugin v26.5 - https:\/\/yoast.com\/wordpress\/plugins\/seo\/ -->\n<title>Mousse R\u00e9g\u00e9n\u00e9rante - Essentiel \/ THE MUST HAVE<\/title>\n<meta name=\"robots\" content=\"index, follow, max-snippet:-1, max-image-preview:large, max-video-preview:-1\" \/>\n<link rel=\"canonical\" href=\"https:\/\/www.essentiel-cosmetique.fr\/index.php\/produit\/mousse-regenerante\/\" \/>\n<meta property=\"og:locale\" content=\"fr_FR\" \/>\n<meta property=\"og:type\" content=\"article\" \/>\n<meta property=\"og:title\" content=\"Mousse R\u00e9g\u00e9n\u00e9rante - Essentiel \/ THE MUST HAVE\" \/>\n<meta property=\"og:description\" content=\"MOUSSE R\u00c9G\u00c9NERANTE  Combat l&#039;exc\u00e8s de s\u00e9bum en r\u00e9gularisant le fonctionnement des glandes s\u00e9bac\u00e9es. Apporte es substances nutritives indispensables \u00e0 une bonne croissance des cheveux. Pr\u00e9vient la chute et favorise le cycle de croissance.  MODE D&#039;EMPLOI : Agiter bien avant utilisation. Appliquer sur les cheveux (secs ou humides) la quantit\u00e9 n\u00e9cessaire de produit avec un l\u00e9ger massage. Ne pas rincer.  &nbsp;  Extraits de 8 Plantes :   Extrait de fleurs de Calendula  Extrait de feuilles d&#039;Ortie  Huile essentielle de Pin des montagnes   Extrait de fleur de Lotus   Huile essentielle de Romarin   Extrait de Gingembre   Extrait de feuilles de Houblon   Racine de Fragon \u00e9pineux\" \/>\n<meta property=\"og:url\" content=\"https:\/\/www.essentiel-cosmetique.fr\/index.php\/produit\/mousse-regenerante\/\" \/>\n<meta property=\"og:site_name\" content=\"Essentiel \/ THE MUST HAVE\" \/>\n<meta property=\"article:publisher\" content=\"https:\/\/www.facebook.com\/profile.php?id=100076694075208\" \/>\n<meta property=\"article:modified_time\" content=\"2026-03-05T10:00:23+00:00\" \/>\n<meta property=\"og:image\" content=\"http:\/\/www.essentiel-cosmetique.fr\/wp-content\/uploads\/2026\/03\/Mousse-regenerante-1.jpg\" \/>\n\t<meta property=\"og:image:width\" content=\"1600\" \/>\n\t<meta property=\"og:image:height\" content=\"1600\" \/>\n\t<meta property=\"og:image:type\" content=\"image\/jpeg\" \/>\n<meta name=\"twitter:card\" content=\"summary_large_image\" \/>\n<meta name=\"twitter:label1\" content=\"Dur\u00e9e de lecture estim\u00e9e\" \/>\n\t<meta name=\"twitter:data1\" content=\"1 minute\" \/>\n<script type=\"application\/ld+json\" class=\"yoast-schema-graph\">{\"@context\":\"https:\/\/schema.org\",\"@graph\":[{\"@type\":\"WebPage\",\"@id\":\"https:\/\/www.essentiel-cosmetique.fr\/index.php\/produit\/mousse-regenerante\/\",\"url\":\"https:\/\/www.essentiel-cosmetique.fr\/index.php\/produit\/mousse-regenerante\/\",\"name\":\"Mousse R\u00e9g\u00e9n\u00e9rante - Essentiel \/ THE MUST HAVE\",\"isPartOf\":{\"@id\":\"https:\/\/www.essentiel-cosmetique.fr\/#website\"},\"primaryImageOfPage\":{\"@id\":\"https:\/\/www.essentiel-cosmetique.fr\/index.php\/produit\/mousse-regenerante\/#primaryimage\"},\"image\":{\"@id\":\"https:\/\/www.essentiel-cosmetique.fr\/index.php\/produit\/mousse-regenerante\/#primaryimage\"},\"thumbnailUrl\":\"https:\/\/www.essentiel-cosmetique.fr\/wp-content\/uploads\/2026\/03\/Mousse-regenerante-1.jpg\",\"datePublished\":\"2026-03-02T11:44:59+00:00\",\"dateModified\":\"2026-03-05T10:00:23+00:00\",\"breadcrumb\":{\"@id\":\"https:\/\/www.essentiel-cosmetique.fr\/index.php\/produit\/mousse-regenerante\/#breadcrumb\"},\"inLanguage\":\"fr-FR\",\"potentialAction\":[{\"@type\":\"ReadAction\",\"target\":[\"https:\/\/www.essentiel-cosmetique.fr\/index.php\/produit\/mousse-regenerante\/\"]}]},{\"@type\":\"ImageObject\",\"inLanguage\":\"fr-FR\",\"@id\":\"https:\/\/www.essentiel-cosmetique.fr\/index.php\/produit\/mousse-regenerante\/#primaryimage\",\"url\":\"https:\/\/www.essentiel-cosmetique.fr\/wp-content\/uploads\/2026\/03\/Mousse-regenerante-1.jpg\",\"contentUrl\":\"https:\/\/www.essentiel-cosmetique.fr\/wp-content\/uploads\/2026\/03\/Mousse-regenerante-1.jpg\",\"width\":1600,\"height\":1600},{\"@type\":\"BreadcrumbList\",\"@id\":\"https:\/\/www.essentiel-cosmetique.fr\/index.php\/produit\/mousse-regenerante\/#breadcrumb\",\"itemListElement\":[{\"@type\":\"ListItem\",\"position\":1,\"name\":\"Accueil\",\"item\":\"https:\/\/www.essentiel-cosmetique.fr\/\"},{\"@type\":\"ListItem\",\"position\":2,\"name\":\"NOS PRODUITS\",\"item\":\"https:\/\/www.essentiel-cosmetique.fr\/index.php\/boutique\/\"},{\"@type\":\"ListItem\",\"position\":3,\"name\":\"Mousse R\u00e9g\u00e9n\u00e9rante\"}]},{\"@type\":\"WebSite\",\"@id\":\"https:\/\/www.essentiel-cosmetique.fr\/#website\",\"url\":\"https:\/\/www.essentiel-cosmetique.fr\/\",\"name\":\"Essentiel \/ THE MUST HAVE\",\"description\":\"L\u2019ESSENTIEL EST ENTRE VOS MAINS\",\"publisher\":{\"@id\":\"https:\/\/www.essentiel-cosmetique.fr\/#organization\"},\"potentialAction\":[{\"@type\":\"SearchAction\",\"target\":{\"@type\":\"EntryPoint\",\"urlTemplate\":\"https:\/\/www.essentiel-cosmetique.fr\/?s={search_term_string}\"},\"query-input\":{\"@type\":\"PropertyValueSpecification\",\"valueRequired\":true,\"valueName\":\"search_term_string\"}}],\"inLanguage\":\"fr-FR\"},{\"@type\":\"Organization\",\"@id\":\"https:\/\/www.essentiel-cosmetique.fr\/#organization\",\"name\":\"Essentiel \/ THE MUST HAVE\",\"url\":\"https:\/\/www.essentiel-cosmetique.fr\/\",\"logo\":{\"@type\":\"ImageObject\",\"inLanguage\":\"fr-FR\",\"@id\":\"https:\/\/www.essentiel-cosmetique.fr\/#\/schema\/logo\/image\/\",\"url\":\"https:\/\/www.essentiel-cosmetique.fr\/wp-content\/uploads\/2023\/02\/cropped-Logio-Site-essentiel-1.png\",\"contentUrl\":\"https:\/\/www.essentiel-cosmetique.fr\/wp-content\/uploads\/2023\/02\/cropped-Logio-Site-essentiel-1.png\",\"width\":1320,\"height\":460,\"caption\":\"Essentiel \/ THE MUST HAVE\"},\"image\":{\"@id\":\"https:\/\/www.essentiel-cosmetique.fr\/#\/schema\/logo\/image\/\"},\"sameAs\":[\"https:\/\/www.facebook.com\/profile.php?id=100076694075208\",\"https:\/\/www.instagram.com\/essentiel_officiel\/\"]}]}<\/script>\n<!-- \/ Yoast SEO plugin. -->","yoast_head_json":{"title":"Mousse R\u00e9g\u00e9n\u00e9rante - Essentiel \/ THE MUST HAVE","robots":{"index":"index","follow":"follow","max-snippet":"max-snippet:-1","max-image-preview":"max-image-preview:large","max-video-preview":"max-video-preview:-1"},"canonical":"https:\/\/www.essentiel-cosmetique.fr\/index.php\/produit\/mousse-regenerante\/","og_locale":"fr_FR","og_type":"article","og_title":"Mousse R\u00e9g\u00e9n\u00e9rante - Essentiel \/ THE MUST HAVE","og_description":"MOUSSE R\u00c9G\u00c9NERANTE  Combat l'exc\u00e8s de s\u00e9bum en r\u00e9gularisant le fonctionnement des glandes s\u00e9bac\u00e9es. Apporte es substances nutritives indispensables \u00e0 une bonne croissance des cheveux. Pr\u00e9vient la chute et favorise le cycle de croissance.  MODE D'EMPLOI : Agiter bien avant utilisation. Appliquer sur les cheveux (secs ou humides) la quantit\u00e9 n\u00e9cessaire de produit avec un l\u00e9ger massage. Ne pas rincer.  &nbsp;  Extraits de 8 Plantes :   Extrait de fleurs de Calendula  Extrait de feuilles d'Ortie  Huile essentielle de Pin des montagnes   Extrait de fleur de Lotus   Huile essentielle de Romarin   Extrait de Gingembre   Extrait de feuilles de Houblon   Racine de Fragon \u00e9pineux","og_url":"https:\/\/www.essentiel-cosmetique.fr\/index.php\/produit\/mousse-regenerante\/","og_site_name":"Essentiel \/ THE MUST HAVE","article_publisher":"https:\/\/www.facebook.com\/profile.php?id=100076694075208","article_modified_time":"2026-03-05T10:00:23+00:00","og_image":[{"width":1600,"height":1600,"url":"http:\/\/www.essentiel-cosmetique.fr\/wp-content\/uploads\/2026\/03\/Mousse-regenerante-1.jpg","type":"image\/jpeg"}],"twitter_card":"summary_large_image","twitter_misc":{"Dur\u00e9e de lecture estim\u00e9e":"1 minute"},"schema":{"@context":"https:\/\/schema.org","@graph":[{"@type":"WebPage","@id":"https:\/\/www.essentiel-cosmetique.fr\/index.php\/produit\/mousse-regenerante\/","url":"https:\/\/www.essentiel-cosmetique.fr\/index.php\/produit\/mousse-regenerante\/","name":"Mousse R\u00e9g\u00e9n\u00e9rante - Essentiel \/ THE MUST HAVE","isPartOf":{"@id":"https:\/\/www.essentiel-cosmetique.fr\/#website"},"primaryImageOfPage":{"@id":"https:\/\/www.essentiel-cosmetique.fr\/index.php\/produit\/mousse-regenerante\/#primaryimage"},"image":{"@id":"https:\/\/www.essentiel-cosmetique.fr\/index.php\/produit\/mousse-regenerante\/#primaryimage"},"thumbnailUrl":"https:\/\/www.essentiel-cosmetique.fr\/wp-content\/uploads\/2026\/03\/Mousse-regenerante-1.jpg","datePublished":"2026-03-02T11:44:59+00:00","dateModified":"2026-03-05T10:00:23+00:00","breadcrumb":{"@id":"https:\/\/www.essentiel-cosmetique.fr\/index.php\/produit\/mousse-regenerante\/#breadcrumb"},"inLanguage":"fr-FR","potentialAction":[{"@type":"ReadAction","target":["https:\/\/www.essentiel-cosmetique.fr\/index.php\/produit\/mousse-regenerante\/"]}]},{"@type":"ImageObject","inLanguage":"fr-FR","@id":"https:\/\/www.essentiel-cosmetique.fr\/index.php\/produit\/mousse-regenerante\/#primaryimage","url":"https:\/\/www.essentiel-cosmetique.fr\/wp-content\/uploads\/2026\/03\/Mousse-regenerante-1.jpg","contentUrl":"https:\/\/www.essentiel-cosmetique.fr\/wp-content\/uploads\/2026\/03\/Mousse-regenerante-1.jpg","width":1600,"height":1600},{"@type":"BreadcrumbList","@id":"https:\/\/www.essentiel-cosmetique.fr\/index.php\/produit\/mousse-regenerante\/#breadcrumb","itemListElement":[{"@type":"ListItem","position":1,"name":"Accueil","item":"https:\/\/www.essentiel-cosmetique.fr\/"},{"@type":"ListItem","position":2,"name":"NOS PRODUITS","item":"https:\/\/www.essentiel-cosmetique.fr\/index.php\/boutique\/"},{"@type":"ListItem","position":3,"name":"Mousse R\u00e9g\u00e9n\u00e9rante"}]},{"@type":"WebSite","@id":"https:\/\/www.essentiel-cosmetique.fr\/#website","url":"https:\/\/www.essentiel-cosmetique.fr\/","name":"Essentiel \/ THE MUST HAVE","description":"L\u2019ESSENTIEL EST ENTRE VOS MAINS","publisher":{"@id":"https:\/\/www.essentiel-cosmetique.fr\/#organization"},"potentialAction":[{"@type":"SearchAction","target":{"@type":"EntryPoint","urlTemplate":"https:\/\/www.essentiel-cosmetique.fr\/?s={search_term_string}"},"query-input":{"@type":"PropertyValueSpecification","valueRequired":true,"valueName":"search_term_string"}}],"inLanguage":"fr-FR"},{"@type":"Organization","@id":"https:\/\/www.essentiel-cosmetique.fr\/#organization","name":"Essentiel \/ THE MUST HAVE","url":"https:\/\/www.essentiel-cosmetique.fr\/","logo":{"@type":"ImageObject","inLanguage":"fr-FR","@id":"https:\/\/www.essentiel-cosmetique.fr\/#\/schema\/logo\/image\/","url":"https:\/\/www.essentiel-cosmetique.fr\/wp-content\/uploads\/2023\/02\/cropped-Logio-Site-essentiel-1.png","contentUrl":"https:\/\/www.essentiel-cosmetique.fr\/wp-content\/uploads\/2023\/02\/cropped-Logio-Site-essentiel-1.png","width":1320,"height":460,"caption":"Essentiel \/ THE MUST HAVE"},"image":{"@id":"https:\/\/www.essentiel-cosmetique.fr\/#\/schema\/logo\/image\/"},"sameAs":["https:\/\/www.facebook.com\/profile.php?id=100076694075208","https:\/\/www.instagram.com\/essentiel_officiel\/"]}]}},"jetpack_sharing_enabled":true,"_links":{"self":[{"href":"https:\/\/www.essentiel-cosmetique.fr\/index.php\/wp-json\/wp\/v2\/product\/6240","targetHints":{"allow":["GET"]}}],"collection":[{"href":"https:\/\/www.essentiel-cosmetique.fr\/index.php\/wp-json\/wp\/v2\/product"}],"about":[{"href":"https:\/\/www.essentiel-cosmetique.fr\/index.php\/wp-json\/wp\/v2\/types\/product"}],"version-history":[{"count":3,"href":"https:\/\/www.essentiel-cosmetique.fr\/index.php\/wp-json\/wp\/v2\/product\/6240\/revisions"}],"predecessor-version":[{"id":6245,"href":"https:\/\/www.essentiel-cosmetique.fr\/index.php\/wp-json\/wp\/v2\/product\/6240\/revisions\/6245"}],"wp:featuredmedia":[{"embeddable":true,"href":"https:\/\/www.essentiel-cosmetique.fr\/index.php\/wp-json\/wp\/v2\/media\/6251"}],"wp:attachment":[{"href":"https:\/\/www.essentiel-cosmetique.fr\/index.php\/wp-json\/wp\/v2\/media?parent=6240"}],"wp:term":[{"taxonomy":"product_brand","embeddable":true,"href":"https:\/\/www.essentiel-cosmetique.fr\/index.php\/wp-json\/wp\/v2\/product_brand?post=6240"},{"taxonomy":"product_cat","embeddable":true,"href":"https:\/\/www.essentiel-cosmetique.fr\/index.php\/wp-json\/wp\/v2\/product_cat?post=6240"},{"taxonomy":"product_tag","embeddable":true,"href":"https:\/\/www.essentiel-cosmetique.fr\/index.php\/wp-json\/wp\/v2\/product_tag?post=6240"}],"curies":[{"name":"wp","href":"https:\/\/api.w.org\/{rel}","templated":true}]}}